uppose 274 = 4*s - 5*y, -124 = 4*s + 3*y - 382. Let m be 1*(-2 + s*2). Suppose -2*i = w - 51, 5*i - m = -0*i - 3*w. What is the tens digit of i?
2
Let g = 273 - 38. What is the hundreds digit of g?
2
Let n(l) = 2*l**2 - 5*l + 3. Let z be n(3). Let r be 3/z*(2 + 8). Suppose q - 10 = -4*x - q, -q = -r*x + 9. What is the units digit of x?
2
Suppose -5*i - y + 53 = 0, 3*i - 5 = i + 5*y. Suppose 14*q - 476 = i*q. What is the hundreds digit of q?
1
Let v(t) = -t**3 - t**2 + t + 3. Let i be v(0). What is the units digit of 28/(-42) - (-95)/i?
1
Let n be 2/(-9) - (-44)/36. Let g be (-88)/55*(6 - n). What is the units digit of 32/g*4*-1?
6
Suppose 4*q - 11*q = -3045. What is the tens digit of q?
3
Let s(q) = -2 - 136*q + 3 - 120*q - 5*q. Let v be s(1). What is the tens digit of -4*(v/16 + 4)?
4
Suppose 5*y + 537 - 137 = 0. Let v = y + 114. What is the units digit of v?
4
Suppose 5*t - 208 = 4*y, 0*t + 2*t + 5*y - 70 = 0. What is the units digit of t?
0
Let t = 0 - -69. Suppose 12*o = 15*o - t. Suppose -a + 10 = f, o = 5*f - 4*a - 45. What is the units digit of f?
2
Suppose 0 = -3*w - w - 8. Let s be w/(-4) - (-535)/10. Suppose -6*f + s = 2*k - 2*f, 4*f = 0. What is the units digit of k?
7
Suppose 5*q = 3*b - 26, -5*q + 2*q - 6 = -5*b. What is the units digit of 1*2*(78 + q)?
2
Suppose 2*n = -y + 2*y + 2, -3*n - 2*y - 4 = 0. Suppose -4*g - b = -n*g - 424, b - 4 = 0. What is the tens digit of g?
0
Let v(b) = b**2 + 9*b + 1. Suppose 0*w = -j + 2*w + 1, -3*j = 2*w - 11. Suppose -2*i - 5 = -j*t + 1, -5*t - 38 = 2*i. What is the units digit of v(i)?
1
Suppose -z = 5*u - 389, 0 = -3*u + 5*u + 8. What is the tens digit of z?
0
Let s(t) be the second derivative of t**4/6 - t**3/2 - 2*t**2 + 2*t. Let b = -24 + 27. What is the units digit of s(b)?
5
Suppose 0 = m + 5*k + 7 + 6, -4*m - k + 5 = 0. Suppose a - m*a = 5, a - 310 = -5*o. What is the tens digit of o?
6
Let n = 29 - -269. What is the hundreds digit of n?
2
Let p = -46 - -61. Suppose 0 = 4*v - v - p. What is the units digit of v?
5
Let i = 2824 - 1189. What is the thousands digit of i?
1
Let u = 110 - 1. Suppose -5*n = -u - 216. What is the units digit of n?
5
Let c = 16 + -14. Suppose 3*i + c*i = 25, -4*o = 3*i - 655. What is the hundreds digit of o?
1
Let y = -274 - -384. Suppose -20*a + y = -19*a. What is the tens digit of a?
1
Let p = 33 + -31. Suppose 18 = a - p*b, a + a = 2*b + 28. What is the tens digit of a?
1
Suppose 23 = 5*q + z, -7 = -q - 2*q - 4*z. Suppose 0 = -5*u - l + 575, 4*u - 605 = -u + q*l. What is the tens digit of u?
1
Let f = -313 - -1107. What is the units digit of f?
4
Let d = -30 + 36. What is the units digit of 6/(-4)*(-92)/d?
3
Let r be ((4/3)/(-4))/((-4)/(-36)). What is the units digit of -63*1/r*5?
5
Let p be (4/5)/(2/15). Suppose -15 = p*h - 351. What is the units digit of h?
6
What is the tens digit of 2*1420 + (-10)/(-7 + 12)?
3
Suppose -d = -4*g - 35 - 6, -17 = -d - 4*g. Suppose 4*y + 3*r - 89 = 0, 14*y - 4*r - 27 = 13*y. Let b = d - y. What is the units digit of b?
6
Let z = 2644 + -1273. What is the hundreds digit of z?
3
Let l(r) be the third derivative of -r**6/120 - r**5/30 - r**4/12 - 2*r**3/3 - 7*r**2. What is the units digit of l(-3)?
1
Let f(p) = -p**2 - 2*p + 3. Let g be f(-5). Let u = g - -55. What is the tens digit of u?
4
Let m(x) = 15*x + 529. What is the tens digit of m(0)?
2
Let y(v) = v**3 - 16*v**2 + 54*v - 106. What is the units digit of y(21)?
3
Let m(w) = 3*w**2 + 8*w + 7. Let p be m(-5). Suppose -p = 5*d + 473. Let q = d + 178. What is the units digit of q?
5
Let y = -20 + 20. Suppose 5*s - 5*r - 135 = y, -5*s + 2*r + r = -143. What is the units digit of s?
1
Suppose 1152 = -10*k - 68. Let s = 264 + k. What is the hundreds digit of s?
1
Let g be 1 + ((-24)/1)/(-3). Suppose 5*q + 3*w - 93 = -24, -3*w + g = 0. Suppose 9*v + 57 = q*v. What is the tens digit of v?
1
Let m(r) = -r**3 - 12*r**2 - r - 11. Let y be m(-12). What is the units digit of ((-14)/6)/(y/(-21))?
9
Suppose -2*g - 2970 = -4*j, -2985 = -4*j + 4*g + g. What is the tens digit of j?
4
Let r = 88 + 287. What is the hundreds digit of r?
3
Let v(w) be the first derivative of 2*w**3/3 + 5*w**2/2 - 9*w - 11. Let r be v(-9). Suppose 3*s + 3*c - 108 = r, -s = -5*c - 78. What is the units digit of s?
3
Let q(g) = g**2 + 2*g - 4. Let f be q(-4). Let i be 17/f + (-4)/16. Suppose 0 = -l + i + 6. What is the units digit of l?
0
Let a = 72 + -50. Let c = -89 + 91. Suppose 7*d - c*d = 3*s + 36, a = 4*d + s. What is the units digit of d?
6
Let c(h) = -58*h + 13. What is the tens digit of c(-9)?
3
Let j(p) = -2*p - 5. Let i be j(-4). Suppose i*l + 10 = 13. What is the tens digit of (l*3)/(27/369)?
4
Let m(r) = -r**2 - 5*r. Let s be m(-3). Suppose -6 = -3*h + s. Suppose p - h = -3*p. What is the units digit of p?
1
Let b(m) = m**3 - 5*m**2 + 8*m - 3. Let l be b(3). Let j(u) = 2 - 5 + 23*u - 5*u. What is the tens digit of j(l)?
5
What is the thousands digit of 9/(-21) + -65*(-868)/49?
1
Suppose -3 = 2*y + 123. Let o = y + 196. What is the units digit of o?
3
Let t = 6 - 2. Suppose 0 = -2*c, t*y + 4 = -7*c + 2*c. What is the units digit of -6*y/2 - 1?
2
Let v(h) = 4*h**3 - 3*h**2 + 16*h + 7. What is the units digit of v(6)?
9
Let o = 46 + -44. Suppose 139 = d + 2*p, -o*d - p + 152 = -114. What is the hundreds digit of d?
1
Suppose -2*x - 5*u = -4942, 2*x - 4902 = 3*u + 2*u. What is the thousands digit of x?
2
Let b(d) be the third derivative of -37*d**6/120 - d**5/30 - 5*d**4/24 - 5*d**3/6 + 39*d**2. What is the hundreds digit of b(-2)?
2
Suppose -8*j + 9576 = 16*j. What is the units digit of j?
9
Suppose 4*c = 17*b - 20*b + 3743, 25 = 5*c. What is the tens digit of b?
4
Let x(i) = i**3 + 8*i**2 - 10*i - 13. Let h be x(-9). Let n = 7 + h. Suppose 4*r = -n*a - a + 80, 4 = -4*r. What is the tens digit of a?
2
Let r(z) = -3*z**2 + 10*z + 6. Let n be r(8). Let x = 161 + n. What is the tens digit of x?
5
Let q = 58 - 47. Suppose -379 = -2*y - 6*n + q*n, 4*n - 12 = 0. What is the units digit of y?
7
Let g be (-3 - -4)*-10 - (-2)/1. Let m(k) = 2*k**2 + 3*k + 3. What is the hundreds digit of m(g)?
1
Suppose 0 = 2*n + 3*a - 22, 5*n = a + 140 - 51. Suppose 348 = -121*o + 92*o. Let r = n - o. What is the tens digit of r?
2
Let z(b) = -3*b - 18. Suppose p - 3*p = -8. Let c(k) = -4*k + 2. Let l be c(p). What is the tens digit of z(l)?
2
Let n(o) = -2*o**2 - 39*o - 36. What is the tens digit of n(-17)?
4
Let n = -2042 - -3413. What is the units digit of n?
1
Let x = 677 + -288. What is the tens digit of x?
8
Let c = -40 - -61. Suppose 4*w = -4*t + 264, -t + c = -5*w - 21. What is the tens digit of t?
6
Let s(o) = 6*o + 15. Let f be s(11). Suppose 0*a = -n - 5*a + f, 5*n - 429 = -a. What is the units digit of n?
6
Let o = 601 + -342. What is the hundreds digit of o?
2
Let m = -157 + 1254. What is the thousands digit of m?
1
Let r(c) be the first derivative of c**4/4 - 2*c**3/3 - 3*c**2/2 + 8*c - 26. What is the hundreds digit of r(6)?
1
Let j = 440 + 569. What is the thousands digit of j?
1
Let w = -31 - -227. What is the hundreds digit of w?
1
What is the tens digit of 12096/24 + (14 + -2)/3?
0
Let c be 10/(-15) - 525/9. Let d = c + 100. What is the tens digit of d?
4
Suppose 93*o = -24412 + 73051. What is the tens digit of o?
2
Let t be (-3)/((-9)/798) - -4. Suppose q - 6*q = -t. What is the units digit of q?
4
Let u(a) = -9 + 10*a - 2 + 11*a + 2. Let v be u(4). Suppose -4*k = l - v, 0 = -5*k - 5*l - 0*l + 90. What is the units digit of k?
9
Suppose 4*v = 3*o - o - 26, -4*v - 5*o - 61 = 0. Let t = 7 - v. What is the tens digit of t?
1
Suppose 5*l - 2*l - 27 = 0. Suppose 5*i = 2*i - 5*u + 19, -7 = -5*i + 4*u. Let b = l - i. What is the units digit of b?
6
Let a(u) = u**3 + u**2 + u - 6. Let f be a(-2). What is the units digit of (-519)/f - 2 - (-15)/20?
2
Suppose 42*s + 2*o = 45*s - 10298, 0 = 4*s - o - 13734. What is the thousands digit of s?
3
Suppose -4*s + 45 = -51. Suppose t - 13 = s. Let d = -3 + t. What is the tens digit of d?
3
Suppose -s + 2 = s - 2*l, 4*s - 2 = 5*l. Let u(p) = 7*p**2 - 2*p - 7. What is the tens digit of u(s)?
5
Let t(a) = 22*a + 178. What is the hundreds digit of t(11)?
4
Let w = -118 - -662. What is the units digit of w?
4
Let l(o) = o**3 - 4*o**2 + 2*o - 4. Let k be l(4). What is the units